4*n + 19. List the prime factors of p(0).
2, 11
Let u(n) = -n**3 - n**2 - n + 1. Let f(g) = -3*g**3 - 3*g**2 - 3*g - 20. Let z(a) = -f(a) + 4*u(a). What are the prime factors of z(0)?
2, 3
Suppose -6*j - 105 = -7*j. What are the prime factors of j?
3, 5, 7
Let w(s) = 2*s + s - s - 9 + 4*s. Let c be w(6). Suppose -2*b + 5 = -c. List the prime factors of b.
2
Let w = 4453 + -1786. List the prime factors of w.
3, 7, 127
Suppose -3*j + 3*c + 30 = -0*j, -j + 2*c = -6. Let n be 2*j - 0/7. Suppose 2*y - n = 2*f + 6, 2*y + f = 25. List the prime factors of y.
2, 7
Let v(f) = 10*f**2 - 72*f + 35. What are the prime factors of v(20)?
3, 5, 173
Let y be ((-3468)/30)/((-6)/15). Let i = y + -163. What are the prime factors of i?
2, 3, 7
Let z(p) = -p**3 - 4*p**2 - 18*p - 9. Let b be z(-7). Suppose 3*o - m - 508 = -o, -b = -2*o - 2*m. What are the prime factors of o?
2
Let j = 8 + -7. Let w be 16 + -139 + j*2. Let h = -68 - w. List the prime factors of h.
53
Let l = 42 + -35. Suppose -l*g + 616 = -0*g. What are the prime factors of g?
2, 11
Suppose -8*f = -3*f. Suppose 0 = 2*s + 5*d - 47, -4*s - d - d + 118 = f. What are the prime factors of -2*s/(-6)*3?
31
List the prime factors of (-12)/8*-2 + (-306)/(-1).
3, 103
Suppose -6*p = -1370 - 7486. List the prime factors of p.
2, 3, 41
Suppose 5*x - 180 = -3*f, 6*x + f - 144 = 2*x. Suppose 4*h + 18 = u - 21, u = 3*h + x. What are the prime factors of u/(-18) - (-61)/2?
29
Let f(p) = 8*p**2 - 2*p + 2. Let y be f(1). Let g = y + -12. Let k = g - -6. List the prime factors of k.
2
Let q = 24 - 24. What are the prime factors of 60/(2/(q + 2))?
2, 3, 5
Suppose 5*j + 22 = g, -3*j + 5*g = -0*j + 22. Let s be (-9)/3 - (2 - 4). List the prime factors of -4 - ((j - 27) + s).
2, 7
Let y = -7 + 22. Suppose -5 - y = -4*b. Suppose -b*s = -5*w - 0*w + 125, 4*w + s = 90. List the prime factors of w.
23
Let c(w) = w**3 + 29*w**2 + 4*w + 16. List the prime factors of c(-25).
2, 151
Let s be 2 + -17 + (2 - 2). Let q be (s/25)/((-2)/10). Suppose -5 + 3 = -h - 3*j, q*h = 5*j + 34. List the prime factors of h.
2
Let n(v) = 4*v**3 + 7*v**2 + 9*v + 4. Let s(d) = -d**3 - 1. Let z(x) = -n(x) - 3*s(x). What are the prime factors of z(-6)?
17
Let a(t) = t**3 - 37*t**2 + 65*t - 179. What are the prime factors of a(36)?
5, 173
Suppose -c + 80 = s - 1385, -4*c + s = -5865. What are the prime factors of c?
2, 733
Suppose -5*l - 144 = -9*l. Suppose -6 = r + 2*r. Let p = l + r. What are the prime factors of p?
2, 17
Let p = -164 + 286. Suppose 3*h - 144 = -5*y, 4*y = 2*h - h + p. What are the prime factors of y?
2, 3, 5
Let x(n) = -6*n**2 - 3*n + 2. Let u be (-12)/9*(-3)/2. Let j be x(u). Let b = -26 - j. What are the prime factors of b?
2
Let w(z) = -18*z**3 - 3*z**2 - 5*z - 1. Let r be w(-3). Suppose 2*h + u - r = 0, 5*u = -5*h + 7*u + 1169. List the prime factors of h.
5, 47
Let c(o) be the second derivative of -3*o**5/20 + o**3/2 + 2*o**2 - o. What are the prime factors of c(-3)?
2, 19
Suppose -g = 1, -4*q + 1857 = 6*g - 7*g. What are the prime factors of q?
2, 29
Suppose 3*n - 20 = -3*v + v, -3*n - 4*v = -22. Suppose n*l = 206 - 74. What are the prime factors of l?
2, 11
Suppose -4*m - m + 175 = 0. Let a = m - 24. Suppose 3*h - 10 - a = 0. What are the prime factors of h?
7
Let i = 61 + -51. List the prime factors of (-330)/(-4) + (-8 - -3)/i.
2, 41
Let h = 1811 + -22. List the prime factors of h.
1789
List the prime factors of 37844/18 - 136/306.
2, 1051
Let j = 12 - 10. Suppose j*v - 49 = -3. List the prime factors of v.
23
Suppose 9*f + 1 = 46. Suppose -2*g + 5*v + 44 = -g, -272 = -f*g - v. What are the prime factors of g?
2, 3
Suppose 6 + 6 = 3*d. Suppose -5*w + d*w = -3. List the prime factors of (-18)/21*(w - 17).
2, 3
Suppose 0*a = -k + 3*a - 17, -3*k = -2*a + 79. Let q = -65 - k. What are the prime factors of q/(-2) + (2 - 4)?
2
Let c = 54 + -51. Suppose s = -4*v + 89, 0 = c*s - 0*v + v - 300. What are the prime factors of s?
101
Suppose -5*q + 2*j = -17630, q + 3*j - 3509 = -0*j. List the prime factors of q.
2, 881
List the prime factors of 6556/(-4)*-1 - (-2 - -2).
11, 149
Suppose 0 = 3*p - 2*t - 1 - 13, -3*t + 6 = 0. Let i(w) = -w - 1. Let q(c) = 2*c**2 - 10*c - 6. Let s(b) = -3*i(b) + q(b). List the prime factors of s(p).
3
Let u be (1*-4)/((-102)/18 + 5). Let j(b) = 28*b + 49. What are the prime factors of j(u)?
7, 31
Let k(g) = 14*g**2 - 16*g - 27. What are the prime factors of k(-9)?
3, 139
Suppose 1738 - 422 = 7*c. List the prime factors of c.
2, 47
Suppose 8*f = -5*f - 585. List the prime factors of 6/f + 4326/45.
2, 3
Let w = -409 + 242. Let a = -54 - w. List the prime factors of a.
113
Let q = 1457 - 757. List the prime factors of q.
2, 5, 7
Let r(x) = -x + 1. Let s(f) = f**2 + f - 8. Let p(c) = 3*r(c) + s(c). Let z be p(4). Suppose -z*i + 102 = 3. What are the prime factors of i?
3, 11
Suppose i + 18 = 7*i. Suppose -j + i*j = 78. What are the prime factors of j?
3, 13
Let h(a) be the first derivative of 3*a**2/2 + 3*a + 6. What are the prime factors of h(3)?
2, 3
Let k(c) = 59*c**2 - 43*c + 19. List the prime factors of k(8).
7, 17, 29
Let f(r) = 2*r**2 + 50*r + 195. What are the prime factors of f(-37)?
3, 19
Suppose 8*g - 5*g - 396 = 0. Suppose 0 = 5*s - 10. Suppose -g = -h - s*h. What are the prime factors of h?
2, 11
Suppose -4 = 2*z + 4, -2*q + 882 = 3*z. What are the prime factors of q?
3, 149
Let k(j) = j - 14. Let g be k(8). Let w be (-5 - -34)*(-2 - -1). Let c = g - w. What are the prime factors of c?
23
Let n(u) = 48*u**2 + 8*u - 11. What are the prime factors of n(3)?
5, 89
Let r = -9940 + 14230. List the prime factors of r.
2, 3, 5, 11, 13
Let v be 5 - (3 - (-2 - -1)). What are the prime factors of ((8 - v) + -6)/(2/386)?
193
Let k = -62 + 615. List the prime factors of k.
7, 79
Suppose -2*i - 6 = -4*i + 2*b, -i = 5*b + 15. Suppose -9 = -2*q + 5*f - i, 73 = 4*q + f. What are the prime factors of q?
17
Suppose 0 = 6*q - 11*q + 5*g + 5290, 4*q + 2*g = 4244. What are the prime factors of q?
2, 5, 53
Suppose -5*i + 4404 = 3*c, -3*i + 7*i = 5*c + 3501. What are the prime factors of i?
3, 293
Let z be 32/6 + 2/3. Let a(l) = -3*l**2 + 25*l + 16. Let t(j) = j**2 - 8*j - 5. Let g(o) = -2*a(o) - 7*t(o). What are the prime factors of g(z)?
3
Suppose -2*g - g - 6 = i, -60 = 4*i + 3*g. Let d = -102 + 100. List the prime factors of (2/9)/(d/i).
2
List the prime factors of 23996/21 - ((-210)/18)/(-7).
7, 163
Let k(l) = -285*l - 204. List the prime factors of k(-7).
3, 199
Suppose 0 = -k - 4*r + 335 + 387, 4*k - 2*r - 2978 = 0. What are the prime factors of k?
2, 7, 53
Let g be 1 - 30/(-2) - (-2 + 4). Suppose -r + 25 = -4*r + 2*k, 0 = -3*r - 3*k. Let j = g + r. List the prime factors of j.
3
Suppose k - 10 = -4*f + 14, 5*f = 25. Let v(x) = -x**2 + 7*x - 6. Let t be v(k). Suppose -s + 9 = -t. What are the prime factors of s?
3, 5
List the prime factors of 4 + -4 - -5 - (-517 + -5).
17, 31
Let u = 2 + 7. Let s be (-304)/(-72) + (-2)/u. Suppose 2*w + 0*w = s. What are the prime factors of w?
2
Suppose -1 = 2*m - 4*l + 1, -3*l + 24 = 3*m. Suppose -3*b + m*w = -b - 132, -2*b + 2*w = -126. List the prime factors of b.
61
Let n be (1 - -1)*3014/44. Suppose 0 = a + k - n, -5*k - 685 = -2*a - 3*a. List the prime factors of a.
137
Suppose -128*b + 2268 = -122*b. What are the prime factors of b?
2, 3, 7
Let s(w) = -28*w + 568. List the prime factors of s(-35).
2, 3, 43
Suppose -5*l + 53 = y + 13, -4*y = -4*l - 64. What are the prime factors of (-2)/5 + 1708/y?
5, 17
Let j(t) = -2*t - 31. Let q be j(-17). What are the prime factors of q/(-6) - (-130)/4?
2
Let n be -3*(-6)/(-9) - 12. Let r = n - 6. What are the prime factors of (66/15)/((-2)/r)?
2, 11
Let a be -2 - 2/(-1) - -3. Let v(j) = j**3 - 3*j**2 - 4. Let n be v(a). What are the prime factors of (-37)/n - (-5)/(-20)?
3
Suppose -12 = -4*t + 1092. Let p = t + -118. What are the prime factors of p?
2, 79
List the prime factors of 950 - ((6/3 - 0) + 0).
2, 3, 79
Let f(b) = -11*b - 9. Let i(h) = 32*h + 26. Let j(m) = -11*f(m) - 4*i(m). List the prime factors of j(-5).
2, 3, 5
Let k = -91 + 1011. List the prime factors of k.
2, 5, 23
Let j = 217 + -72. List the prime factors of j.
5, 29
Let o(n) be the first derivative of -7*n**2/2 + 3*n - 3. Let r be o(-9). Suppose -17*z = -20*z + 